st common factor of n and v?
12
Let v(q) = -q**3 - 3*q**2 + 3*q + 8. Let l be v(-6). Suppose -3*c + l - 23 = 0. Calculate the highest common factor of 10 and c.
5
Let c(z) = -z**2 + 6*z + 1. Let x be c(5). Let q = x - -24. What is the greatest common divisor of q and 45?
15
Suppose 1 = 2*q - 9. Suppose c = 4*n - 14, n - q*n - c = -18. Let t be n/(-2) + 55 + -3. Calculate the highest common divisor of t and 20.
10
Suppose 2*r - 22 = -2*z - 0*z, -2*r = -z - 10. Let u = r + -4. Let g = 2 + u. Calculate the highest common divisor of g and 15.
5
Let d(z) = 3*z**2 + 2*z + 2. Let k = -11 + 9. Let y be d(k). What is the greatest common divisor of y and 40?
10
Suppose -44 = -3*m + 10. Calculate the greatest common divisor of m and 2.
2
Suppose -2*n + 4*n = 176. Let x be 12 - -3*3/(-9). What is the highest common divisor of n and x?
11
Suppose 5*d - 45 = -2*t, 0*t - 4*t - 18 = -2*d. Suppose 5*y - 305 = -6*x + x, 2*x + y - 124 = 0. Calculate the greatest common factor of x and d.
9
Suppose 0 = -2*x + 4*i + 76, -4*i = x - 2*i - 22. Let k = -2 + x. Let q = -121 - -191. What is the greatest common divisor of k and q?
14
Let b be 48/56*(0 - -42). Calculate the greatest common factor of 54 and b.
18
Let j(v) = -v**3 - 4*v**2 + 6*v - 1. Let z be j(-6). Suppose p - 1 = 3*c + 1, -c - 4 = -p. What is the greatest common factor of z and p?
5
Suppose 798 = 4*y - w, 0 = 2*y - 0*y - 2*w - 396. What is the greatest common divisor of y and 25?
25
Suppose 0 = -0*q + 2*q - 54. Let s = 44 + -35. What is the highest common divisor of q and s?
9
Let t(i) = 5*i**2 + i. Let l be t(2). Suppose -60 = 14*f - 830. What is the greatest common factor of f and l?
11
Suppose 4*f + 60 = 452. Calculate the highest common divisor of f and 14.
14
Let s = -85 + 89. Calculate the greatest common divisor of s and 32.
4
Let x(c) = -4*c - 3. Let y be x(-3). Suppose -3*o - 291 = -4*z, -4*z + 3*o = -o - 292. What is the highest common factor of z and y?
9
Suppose -o + 3*y + 26 = 0, 2*y + 0 = -4. Suppose -48 = -8*v + 3*v + 2*j, 0 = 4*v + 5*j - 12. What is the greatest common divisor of v and o?
4
Let q = 5735 + -8264. Let p = 1503 + q. Let h be (p/(-45))/((-4)/(-10)). What is the highest common divisor of h and 19?
19
Let h be 0/(0/3 + 1). Suppose h = d - 2 - 5. Calculate the highest common factor of 21 and d.
7
Let p be 4/14 - 38/(-14). Let b be p*(-2)/(6/(-3)). Suppose -5*u + b*v = -25, -5*u - v = 4*v - 25. What is the greatest common factor of u and 5?
5
Let a(r) = -26*r + 1. Let f be a(-3). Let y = 17 + f. What is the highest common divisor of y and 12?
12
Let v be (1/(-3))/((-3)/63). Let r(g) = g - 5. Let y be r(v). Suppose 3 = 5*o - y. What is the highest common factor of 1 and o?
1
Let w(i) = -7*i - 3. Let b = -4 + 2. Let f be w(b). Calculate the highest common divisor of 99 and f.
11
Let u(f) = 8*f**2 - 5*f + 5. Let o(h) = 23*h**2 - 15*h + 16. Let i(w) = 6*o(w) - 17*u(w). Let s be i(8). Calculate the highest common divisor of s and 9.
9
Suppose 0 = 4*m - 12, 4*d - 13 - 26 = -5*m. Suppose s + 15 = d*s. Let g = -7 - -25. What is the highest common factor of g and s?
3
Let g be 1/(-2)*0/1. Let a(b) = -b**2 + b + 33. Let v be a(g). Let w be 1/(((-6)/v)/(-2)). What is the greatest common divisor of w and 99?
11
Let w be ((-2)/2 + -2)*-5. Suppose 8*r - 3*r = w. Let u be -11*r/(0 - 3). What is the highest common divisor of 77 and u?
11
Let h(t) = t**2 + 11*t + 8. Let z be h(-9). Let n = -5 - z. What is the greatest common factor of 1 and n?
1
Let o = -283 + 411. Calculate the highest common divisor of o and 16.
16
Let i = 24 + -17. Let k be (-1)/(-2) + 238/4. Let c = 123 - k. What is the greatest common factor of c and i?
7
Let k be (-4)/(-26) - (-408)/52. What is the greatest common factor of k and 8?
8
Let l = 17 - 51. Let h be 0 - 1 - -3 - l. Let n = -13 + 22. What is the highest common factor of h and n?
9
Let s = 1124 + -720. Let a(k) = -k + 20. Let v be a(15). Suppose 19 - s = -v*g. What is the greatest common divisor of 11 and g?
11
Let x(a) = 6*a**3 - 2*a**2 - a + 3. Let k be x(3). Let s be 96/40*(-45)/(-6). Calculate the highest common factor of k and s.
18
Let n = -15 - -24. What is the highest common factor of 81 and n?
9
Let o(i) = -i**2 - 4*i - 1. Let r be o(-3). Let s(u) = -u**2 + 21*u - 18. Let d be s(20). What is the highest common divisor of r and d?
2
Suppose 3*i + 3*i - 78 = 0. Calculate the highest common factor of 104 and i.
13
Let i(o) = -o**3 - 14*o**2 - 14*o - 13. Let b be i(-13). Suppose 0 = 2*y + 2*q - 14, -3*y + 2*y - 2*q + 10 = b. What is the greatest common divisor of 16 and y?
4
Let w = 3 - 8. Let t = -29 - -20. Let v = w - t. Calculate the highest common divisor of 36 and v.
4
Let u be (-1)/2 - (-33)/6. Let r be (-2)/u - (-48)/20. Suppose -r*t + 60 = -72. What is the greatest common divisor of t and 11?
11
Suppose 3*h - 90 = h. Suppose 0 = l + 3*y + 64, l + h + 16 = -4*y. Let i = l - -234. What is the highest common divisor of 23 and i?
23
Suppose -s + 21 = -4*s + 3*v, -2*s = 2*v - 2. Let o(c) = 2*c**2 + 3*c + 2. Let p be o(s). What is the highest common divisor of p and 88?
11
Let h(r) = r + 10. Let l be h(-7). Suppose 0 = c + l*c - 612. What is the greatest common divisor of 17 and c?
17
Suppose 3*f - 37 - 5 = 0. Calculate the greatest common factor of 98 and f.
14
Let c = 6 - 3. Suppose -c*g + 6*g = 117. What is the highest common divisor of g and 26?
13
Let k(a) = -41*a - 16. Let z be k(-2). What is the highest common factor of 99 and z?
33
Suppose -d - 5*z + 2 = 0, 2*d - 45 = -2*z - 9. Let a be (-66 - 0/(-2))*-3. What is the highest common divisor of d and a?
22
Let u(n) = n**3 - 12*n**2 + 12*n + 7. Let y be u(11). Let t = y - 9. Calculate the greatest common factor of t and 9.
9
Let r(f) = f**2 - 13*f - 27. Let m be r(16). Calculate the greatest common divisor of 273 and m.
21
Suppose 0 = -3*i - 64 + 388. Let g be -2 + (-1 - 3*-1). Suppose 5*h - 7 - 53 = g. What is the highest common divisor of i and h?
12
Let g be (-22)/(-6) - 2/(-6). Suppose -u - g*u - 620 = 0. Let c = u + 204. Calculate the greatest common divisor of c and 10.
10
Let q be (-10)/4*(13 - 21). Calculate the greatest common factor of q and 10.
10
Suppose 0 = -11*k + 12*k - 28. Suppose 4*y + 0*y = 168. What is the highest common divisor of k and y?
14
Let f(s) = 7*s - 11. Let b be f(9). Suppose -b + 232 = 4*j. Calculate the greatest common factor of 9 and j.
9
Let s(q) = 2*q**2 - 3*q - 3. Suppose 5*c = -12 - 3. Let j be s(c). What is the highest common factor of j and 12?
12
Let n = 20 + -14. Suppose x - n = -x. Suppose u + h - 16 = 3, -3*u + 27 = -x*h. What is the greatest common factor of u and 2?
2
Let o be 4/14 + (2496/21)/4. What is the highest common factor of o and 10?
10
Let g be 0/1 - (0 - 2). Suppose 4*v - g = 10. Suppose 0 = -4*c - 5*w + 126, w - 162 = -5*c - v*w. Calculate the greatest common factor of c and 17.
17
Suppose -2*k - 12 + 51 = -3*s, -5*s = -k + 16. Suppose k = 2*m + 3. Calculate the highest common divisor of m and 99.
9
Suppose -4*z = z - 80. Let p(b) = -b**3 + 7*b**2 - 4. Let t be p(6). Calculate the greatest common factor of t and z.
16
Suppose -4*w - d + 17 + 29 = 0, 4*w - 5*d = 58. Suppose 8 = 2*x - 64. Suppose 2*q - q = x. Calculate the greatest common divisor of w and q.
12
Let i be (-2 + (-176)/(-28))*21. Suppose 4*h = -3*c + 28, 0*c = h + c - 6. What is the greatest common divisor of h and i?
10
Let k = 13 - 10. Suppose -5*o + 27 = 4*i, -k = -0*i - 2*i + o. Calculate the highest common factor of 1 and i.
1
Let w = 16 - 25. Let x be w/(-6)*(-28)/(-6). Let c be (-20)/25 + 195/25. What is the highest common factor of x and c?
7
Suppose -4*w = v + 3*v - 28, 4*w - 21 = -3*v. Suppose 3*g - v*g - 2*y + 12 = 0, y = 4. What is the highest common divisor of 2 and g?
1
Suppose -15 = t - 62. Suppose 0*h + h = -p - 25, 2*p - 4*h + 44 = 0. Let r = p + t. What is the highest common divisor of 207 and r?
23
Suppose -3*u = 4*n - 39, 0*n + 3*n - 31 = -4*u. What is the highest common divisor of 72 and n?
9
Suppose 43 = 3*f - 2. Let r = -7 + f. Suppose 110 = 5*z - 5*a, -2*z = 5*a - 45 + r. Calculate the greatest common divisor of 7 and z.
7
Let b be (-2)/6 + (-784)/(-12). Let j be (-2)/9 - 236/(-9). Calculate the greatest common factor of j and b.
13
Let c be (1/(-9))/((-6)/3